 the units digit of v?
1
Let y be ((-2)/(-4))/(2/16). Let s(h) = 4*h**2 - h - 9. Let z(u) = u**2 - u - 1. Let b(a) = -s(a) + 5*z(a). What is the units digit of b(y)?
4
Let x(a) = a**3 + 12*a**2 - 6*a - 5. What is the tens digit of x(-12)?
6
Let i(v) = -v**2 + v + 3. Let y be i(0). Let h = y + -3. Suppose h = 3*c, 0 = -0*b + 3*b + 4*c - 18. What is the units digit of b?
6
Suppose 2*v = 4*v - 24. Suppose w - 6 = -1. Let y = v - w. What is the units digit of y?
7
What is the units digit of 455/4 - (2/(-8) + 1)?
3
Let u be ((-4)/6)/((-4)/18). Suppose -5 = -u*g + 4. Suppose -12 = -3*b + g. What is the units digit of b?
5
Let i(g) = -g + 35. What is the tens digit of i(15)?
2
Let j(d) = 2*d**2 + 7*d - 5. Let p be j(-6). Suppose h - 2*r - 9 - 3 = 0, -3*h + p = 5*r. What is the units digit of h?
0
Suppose 2*y - 7*y + 70 = 0. What is the tens digit of y?
1
Suppose 0*v + v = 4. Suppose -q - v*q = 0. Suppose u - 2*u + 12 = q. What is the tens digit of u?
1
Suppose -2*w + 9 = -5*n + 2, 3*w + 3*n = -21. Let i = 0 - w. Suppose z - t + 0*t - 7 = 0, -23 = -i*z - t. What is the units digit of z?
6
Let k(s) be the third derivative of 25*s**4/24 - s**3/6 + s**2. Let o be k(1). Suppose -2*r = -6*r + o. What is the units digit of r?
6
Let z(q) = -3*q - 9. Let h be z(-7). What is the units digit of (-2)/(-8) - (-105)/h?
9
Let c be 3 - 3/(0 + 3). What is the units digit of c + (4 - (-1 + -1))?
8
Suppose -11*h = 2*h - 3159. What is the hundreds digit of h?
2
Suppose -2*c - 2*c + 16 = 0. Suppose 3 = -f + c*d - 4, -3*f - 2*d + 7 = 0. Suppose -q = -f - 4. What is the units digit of q?
5
Suppose 0 = p - 5*d - 111, 5*p = p - 3*d + 375. What is the units digit of p?
6
Let o = 77 + -53. What is the units digit of (-3)/(-27)*3*o?
8
Let a be (-4)/(-10) + (-162)/30. Let m(o) = -1 + 4 - o + 4. What is the units digit of m(a)?
2
Let o be 5 + -2 + (0 - -1). Suppose 0 = o*c - 8. Let r = 7 + c. What is the units digit of r?
9
Let g(c) = -c**3 + 10*c**2 - 11*c + 5. Let n be g(9). Let j(o) = -o**2 - 15*o - 15. What is the units digit of j(n)?
1
Suppose -36 - 36 = -2*i. What is the units digit of i?
6
Let m = 189 - -27. Suppose -x - 4*x + y + m = 0, -4*x - 3*y = -169. What is the units digit of x?
3
Let m(c) = c**3 + 11*c**2 + 7*c + 14. What is the tens digit of m(-10)?
4
Suppose 9*t - 4*t = 50. Suppose c = o - 25 + 60, -t = 2*o. What is the tens digit of c?
3
Suppose g = 3*n + 18, -4*g + 9*g - 5*n - 40 = 0. Suppose 0*r + 81 = -5*c - 3*r, 0 = g*r + 6. Let t = c - -21. What is the units digit of t?
6
Suppose -96 - 714 = -6*b. What is the tens digit of b?
3
Suppose 4*c - 5*z - 393 = 0, -2*c + 480 = 3*c - 4*z. What is the tens digit of c?
9
Let w(y) = 3*y**2 + 3. Let a be (-1)/(-1 - -2) - 3. What is the tens digit of w(a)?
5
Let x(a) = -2*a + 2. Let h be x(6). Suppose w - 6 = 7. Let g = w - h. What is the units digit of g?
3
Let r be 2 + 6/(-3) - 0. Suppose 0 = 3*k - r*k - 30. What is the units digit of k?
0
Let s(k) = -2*k**3 - 12*k**2 - 9*k - 9. Let w(f) = f**3 + 6*f**2 + 5*f + 4. Let m(g) = -4*s(g) - 7*w(g). What is the units digit of m(-6)?
2
Let g = -74 + 174. What is the hundreds digit of g?
1
Let r = 406 - 272. What is the hundreds digit of r?
1
Suppose -4*w = -2*w + 6. Let b be (11/w)/((-8)/24). Suppose 2*o - 7 = b. What is the units digit of o?
9
Let h(c) = c - 5. Let b(v) = 2*v - 9. Let n be b(7). Suppose -n*p - 4*z = -30, -18 = -3*p - 4*z - z. What is the units digit of h(p)?
1
Suppose -2*q + 6 = 2. What is the units digit of (-242)/(-14) - q/7?
7
Let g be (-8)/(-3)*(-3)/(-2). Suppose -2*j - a - g*a - 8 = 0, -4*j = a - 2. What is the units digit of j?
1
Suppose c - 5*c + 92 = 0. Suppose 4*x = 3*x + c. What is the tens digit of x?
2
What is the tens digit of 2589/(-42)*-2 - (-2)/(-7)?
2
Let z(f) = -7*f + 10 - 3*f - 7 + 6. What is the units digit of z(-4)?
9
Suppose 0*o - 3*o + 5*n = -4, 5*n = -2*o + 11. Let u(w) = -o + 4*w + w**2 + 0 + 2*w**2 + 0. What is the tens digit of u(2)?
1
Suppose -5*r + r + 4 = 0. Let p be r*((9 - -3) + -2). Let b(l) = l - 5. What is the units digit of b(p)?
5
Let c(f) be the third derivative of 7*f**4/24 - 3*f**2. Let h(b) = b**2 + 4*b + 1. Let w be h(-4). What is the units digit of c(w)?
7
Let h(b) = -b**3 + 9*b**2 - 8*b + 3. Let z = 5 + 11. Suppose 2*m - z = -0*m. What is the units digit of h(m)?
3
What is the units digit of 2/9 + 259/9?
9
Let z be (-52)/(-5) + 14/(-35). Let r = -10 + 6. What is the units digit of (-3)/(-6) - z/r?
3
Let u = -19 - -58. What is the tens digit of u?
3
Let z(k) = k**2 - 1. What is the units digit of z(-6)?
5
Let r = 34 - 53. Let k = -9 - r. What is the units digit of k?
0
Suppose 3*g + 3*i - 18 = 0, -g + 6*g + 4*i = 28. What is the units digit of g?
4
Let d be (9/(-2))/3*-2. Suppose 2*k - d*k + 18 = 0. What is the units digit of k?
8
What is the units digit of 2/(-8) + 1 - 11466/(-168)?
9
Suppose -4*f - 109 = 3. Let a = -13 - f. What is the tens digit of a?
1
Let n(h) = 46*h**2 - 1. Let g be n(1). Let a = 65 - g. What is the units digit of a?
0
Let h(l) = -l**2 + 11*l + 17. Let w be h(12). Suppose 5*p - 115 = -5*j, p + 2 = -j + w*j. Let q = p + -11. What is the units digit of q?
7
Suppose -8 = -2*b - 2*b. Let q = b + -1. Suppose -4*v + 0*r + 2*r = -6, 2*v - 5*r + q = 0. What is the units digit of v?
2
Let z = -30 - -42. Suppose -5*n = -3*n - z. What is the units digit of n?
6
Let d = 2 + 5. Let u(a) = a**3 - 7*a**2 + a - 3. Let b be u(d). Let y = 14 - b. What is the units digit of y?
0
Let t(z) = -1 + 6 - 4 - z**3 + 7. What is the units digit of t(0)?
8
Let m(a) = a**3 + 18*a**2 + 2*a + 28. What is the units digit of m(-17)?
3
Suppose -5*k - 759 = -2*p, 5*p + 2*k - 1915 = -3*k. What is the tens digit of p?
8
What is the tens digit of (1*30 - -4)*1?
3
Let h = -6 + 6. Let x = h + 1. What is the units digit of x?
1
What is the units digit of 938/13 - 36/234?
2
Let z = 223 + -122. What is the hundreds digit of z?
1
Suppose 61 = 4*x + 165. Let j = 74 + x. What is the units digit of j?
8
Let z(m) = 2*m**2 + 2. Suppose -9 = -5*x + 6. What is the units digit of z(x)?
0
Let l = -20 - -18. What is the units digit of l/2 - 2 - -4?
1
Let c = 0 - -3. Suppose c*h - 13 = 11. What is the units digit of (-2)/(-8) + 46/h?
6
Let c(z) = -8*z - 28. What is the tens digit of c(-12)?
6
Let y(r) = -r**3 - 3*r**2 + 1. Suppose -1 = t + 2. Let h be y(t). Suppose j = -h + 4. What is the units digit of j?
3
Let y be 14/8 + 5/20. Suppose -10 - 10 = -y*v + b, v - b - 11 = 0. What is the units digit of v?
9
Suppose 2*m + 80 = 6*m. Let p = -8 + m. What is the units digit of p?
2
Let o(k) be the second derivative of -1/12*k**4 - 2/3*k**3 + 0 + 2*k**2 + 2*k. What is the units digit of o(-4)?
4
Suppose 0 = -s - 3*x - 5, 3*s - 8*s - x = -31. Suppose 0 = 10*h - s*h - 42. What is the tens digit of h?
1
Let o(c) = c - 1. Let k be o(1). Suppose k*r - 54 = -2*r. What is the tens digit of r?
2
Let i(a) = -17*a + 34. Let c(s) = 25*s - 51. Let m(u) = 5*c(u) + 7*i(u). What is the units digit of m(8)?
1
What is the hundreds digit of 1 - -391 - 20/(-5)?
3
Let k(m) = 5*m - 3. Let o(y) = -10*y + 5. Let z(q) = -7*k(q) - 3*o(q). Let a(b) = 10*b - 13. Let j(n) = 6*a(n) + 13*z(n). What is the units digit of j(-2)?
0
Suppose 19 = 3*u + 7. What is the units digit of (-2)/u + (-21)/(-6)?
3
Let t = 177 + -65. Suppose 4*s - t = -0*s. What is the tens digit of s?
2
Let a(g) = 3*g**2 - 2*g - 4. What is the tens digit of a(-3)?
2
Let v be 2 + -3 + -2 + 3. Let h(j) = j**3 + j**2 - j + 1. Let u be h(v). What is the units digit of (-2 - -3) + 11 + u?
3
Let x = -35 + 66. What is the units digit of x + 0*(-1)/(-2)?
1
Let v = -160 - -328. What is the hundreds digit of v?
1
Let f = -18 + 35. Let n = 28 - f. What is the tens digit of n?
1
Suppose -2*m + 3 = 1. What is the units digit of m?
1
Let b = 11 + 32. What is the units digit of b?
3
Let a(k) = 2*k - 10. Suppose n - 7 = -0*n. Let f be a(n). Suppose 4*v + 3*p - 18 = 0, v + p = -0*v + f. What is the units digit of v?
6
Let m = -99 + 120. What is the units digit of m?
1
What is the tens digit of (0/2 - 17)/((-1)/6)?
0
Let o be 150/(-22) + (-4)/22. Let f(p) = -p**3 - 6*p**2 + 8*p + 9. Let q be f(o). What is the units digit of (q - (-48)/(-15))*-5?
6
Let z(o) = o**3 + 4*o**2 + 2*o + 1. Let n = -7 - -4. Let h be z(n). Suppose -h*d = 